
What is the hundred thousands digit of 9570439?
5
What is the millions digit of 4924137?
4
What is the units digit of 96448?
8
What is the ten thousands digit of 171101?
7
What is the thousands digit of 7622093?
2
What is the hundred thousands digit of 1359673?
3
What is the hundred thousands digit of 2068797?
0
What is the thousands digit of 10697371?
7
What is the millions digit of 8327221?
8
What is the units digit of 242634?
4
What is the ten thousands digit of 9580920?
8
What is the ten thousands digit of 1073608?
7
What is the tens digit of 2589534?
3
What is the ten thousands digit of 3785095?
8
What is the ten thousands digit of 6114980?
1
What is the hundred thousands digit of 128670?
1
What is the ten millions digit of 21493052?
2
What is the thousands digit of 290392?
0
What is the thousands digit of 297978?
7
What is the units digit of 7010?
0
What is the hundreds digit of 90544?
5
What is the units digit of 34671068?
8
What is the tens digit of 831897?
9
What is the thousands digit of 7424677?
4
What is the units digit of 2035500?
0
What is the tens digit of 16183180?
8
What is the ten thousands digit of 45011?
4
What is the tens digit of 15584?
8
What is the hundreds digit of 2451185?
1
What is the tens digit of 990513?
1
What is the units digit of 5103689?
9
What is the ten thousands digit of 88510?
8
What is the tens digit of 159366?
6
What is the tens digit of 504949?
4
What is the hundreds digit of 7142145?
1
What is the ten thousands digit of 1512250?
1
What is the thousands digit of 223761?
3
What is the thousands digit of 342365?
2
What is the units digit of 4903154?
4
What is the thousands digit of 2172398?
2
What is the hundred thousands digit of 20189003?
1
What is the units digit of 10437826?
6
What is the thousands digit of 633452?
3
What is the millions digit of 3365974?
3
What is the tens digit of 563335?
3
What is the hundred thousands digit of 906736?
9
What is the hundreds digit of 2739456?
4
What is the units digit of 9769384?
4
What is the thousands digit of 221605?
1
What is the hundreds digit of 861898?
8
What is the hundreds digit of 1986244?
2
What is the hundred thousands digit of 677366?
6
What is the hundreds digit of 3166045?
0
What is the units digit of 350832?
2
What is the thousands digit of 171002?
1
What is the hundred thousands digit of 5119077?
1
What is the ten thousands digit of 187929?
8
What is the tens digit of 11346670?
7
What is the hundreds digit of 99411?
4
What is the thousands digit of 41963?
1
What is the units digit of 276489?
9
What is the ten thousands digit of 36420?
3
What is the hundreds digit of 174699?
6
What is the hundred thousands digit of 10556150?
5
What is the tens digit of 179565?
6
What is the units digit of 1956975?
5
What is the tens digit of 425770?
7
What is the ten thousands digit of 411920?
1
What is the thousands digit of 101005?
1
What is the thousands digit of 831044?
1
What is the tens digit of 3761230?
3
What is the thousands digit of 175637?
5
What is the ten thousands digit of 11837545?
3
What is the tens digit of 9059963?
6
What is the thousands digit of 2349205?
9
What is the tens digit of 8609882?
8
What is the tens digit of 559067?
6
What is the thousands digit of 234671?
4
What is the hundreds digit of 470407?
4
What is the units digit of 16551669?
9
What is the ten thousands digit of 2940555?
4
What is the hundred thousands digit of 122969?
1
What is the ten millions digit of 10837256?
1
What is the thousands digit of 102246?
2
What is the units digit of 810242?
2
What is the hundreds digit of 1264785?
7
What is the thousands digit of 343593?
3
What is the units digit of 287638?
8
What is the units digit of 29913595?
5
What is the hundred thousands digit of 219170?
2
What is the hundred thousands digit of 874147?
8
What is the hundred thousands digit of 2165498?
1
What is the thousands digit of 898541?
8
What is the hundred thousands digit of 545314?
5
What is the tens digit of 6008938?
3
What is the ten thousands digit of 26967?
2
What is the hundreds digit of 11902990?
9
What is the thousands digit of 196899?
6
What is the ten thousands digit of 1893299?
9
What is the ten thousands digit of 186610?
8
What is the tens digit of 283722?
2
What is the units digit of 967411?
1
What is the ten thousands digit of 253758?
5
What is the hundred thousands digit of 274164?
2
What is the units digit of 55313?
3
What is the tens digit of 81407?
0
What is the hundreds digit of 23158449?
4
What is the tens digit of 712801?
0
What is the tens digit of 398437?
3
What is the thousands digit of 4332333?
2
What is the units digit of 2519072?
2
What is the hundreds digit of 5886138?
1
What is the hundred thousands digit of 7177103?
1
What is the thousands digit of 38319128?
9
What is the units digit of 743886?
6
What is the millions digit of 24043375?
4
What is the hundreds digit of 327306?
3
What is the thousands digit of 308355?
8
What is the ten thousands digit of 9300399?
0
What is the ten thousands digit of 26532083?
3
What is the hundred thousands digit of 160459?
1
What is the tens digit of 553057?
5
What is the hundreds digit of 36451579?
5
What is the units digit of 67416?
6
What is the units digit of 968956?
6
What is the ten thousands digit of 12038?
1
What is the millions digit of 1192494?
1
What is the ten thousands digit of 417717?
1
What is the hundreds digit of 2913963?
9
What is the thousands digit of 10759496?
9
What is the millions digit of 18532945?
8
What is the thousands digit of 61171?
1
What is the ten thousands digit of 17295?
1
What is the units digit of 1225259?
9
What is the units digit of 11848304?
4
What is the hundred thousands digit of 4566742?
5
What is the tens digit of 2127117?
1
What is the tens digit of 139137?
3
What is the hundreds digit of 3457379?
3
What is the thousands digit of 6168366?
8
What is the units digit of 175318?
8
What is the units digit of 7079735?
5
What is the hundreds digit of 328920?
9
What is the ten thousands digit of 442640?
4
What is the hundreds digit of 11372835?
8
What is the hundred thousands digit of 4017501?
0
What is the units digit of 4047797?
7
What is the hundreds digit of 836905?
9
What is the hundred thousands digit of 434275?
4
What is the tens digit of 8090?
9
What is the units digit of 5639111?
1
What is the hundreds digit of 56025?
0
What is the hundreds digit of 4743885?
8
What is the hundred thousands digit of 11608690?
6
What is the units digit of 552396?
6
What is the tens digit of 242790?
9
What is the thousands digit of 6068340?
8
What is the hundreds digit of 2218195?
1
What is the millions digit of 4851451?
4
What is the units digit of 258062?
2
What is the units digit of 349554?
4
What is the ten thousands digit of 1167122?
6
What is the ten thousands digit of 17353?
1
What is the hundred thousands digit of 1570012?
5
What is the thousands digit of 90674?
0
What is the units digit of 1272559?
9
What is the tens digit of 310770?
7
What is the tens digit of 15385356?
5
What is the hundred thousands digit of 1189421?
1
What is the units digit of 1819466?
6
What is the thousands digit of 16490408?
0
What is the units digit of 5968377?
7
What is the ten millions digit of 11029756?
1
What is the units digit of 1589819?
9
What is the ten thousands digit of 879386?
7
What is the thousands digit of 13301346?
1
What is the units digit of 2090664?
4
What is the millions digit of 1471184?
1
What is the tens digit of 839533?
3
What is the hundreds digit of 2846336?
3
What is the hundreds digit of 6595993?
9
What is the units digit of 3325776?
6
What is the hundreds digit of 3440313?
3
What is the hundreds digit of 5203130?
1
What is the tens digit of 366190?
9
What is the tens digit of 242063?
6
What is the units digit of 130579?
9
What is the hundred thousands digit of 8071063?
0
What is the units digit of 305901?
1
What is the hundred thousands digit of 5632880?
6
What is the thousands digit of 203345?
3
What is the hundred thousands digit of 241946?
2
What is the hundreds digit of 641326?
3
What is the hundreds digit of 1210361?
3
What is the thousands digit of 383439?
3
What is the thousands digit of 6588690?
8
What is the thousands digit of 1268036?
8
What is the hundreds digit of 167